{"id":19,"date":"2019-09-05T14:16:27","date_gmt":"2019-09-05T12:16:27","guid":{"rendered":"http:\/\/www.piory.fi\/?page_id=19"},"modified":"2022-12-21T15:56:14","modified_gmt":"2022-12-21T13:56:14","slug":"jaseneksi","status":"publish","type":"page","link":"https:\/\/www.piory.fi\/index.php\/jaseneksi\/","title":{"rendered":"J\u00e4seneksi"},"content":{"rendered":"\n<h2>J\u00e4senedut<\/h2>\n\n\n\n<p>Insin\u00f6\u00f6riksi opiskelevana saat liitty\u00e4 Insin\u00f6\u00f6riliiton opiskelijaj\u00e4seneksi 18 000 muun insin\u00f6\u00f6riopiskelijan joukkoon. J\u00e4senen\u00e4 sinua odottaa monia etuja ja p\u00e4\u00e4set osaksi suurta ammattij\u00e4rjest\u00f6\u00e4, joka kokoaa yhteen kaikki tekniikan opiskelijat, ty\u00f6el\u00e4m\u00e4ss\u00e4 olevat insin\u00f6\u00f6rit sek\u00e4 muut tekniikan alan asiantuntijat !<\/p>\n\n\n\n<p>Insin\u00f6\u00f6riopiskelijaliiton kautta liityt samalla oman paikallisyhdistyksesi Porin Insin\u00f6\u00f6riopiskelijat ry:n j\u00e4seneksi. Opiskelijaj\u00e4senen j\u00e4senmaksu on 30 euroa, joka kattaa opiskelijaj\u00e4senyyden valmistumiseen asti, enint\u00e4\u00e4n viisi (5) vuotta. <\/p>\n\n\n\n<div class=\"wp-block-columns\">\n<div class=\"wp-block-column\">\n<div class=\"wp-block-columns\">\n<div class=\"wp-block-column\">\n<h2 class=\"has-text-align-center has-pale-pink-background-color has-background has-medium-font-size\" style=\"text-transform:uppercase\">Tapahtuma &#8211; alennukset<\/h2>\n\n\n\n<p class=\"has-text-align-center\">Insin\u00f6\u00f6riliitto j\u00e4rjest\u00e4\u00e4 jopa 400 monipuolista tapahtumaa vuosittain, jotka on suunniteltu tukemaan j\u00e4senten verkostoitumista, ammatillista kehittymist\u00e4 ja tuomaan iloa vapaa-ajalle.<\/p>\n\n\n\n<div class=\"wp-container-1 wp-block-buttons\">\n<div class=\"wp-block-button is-style-outline\"><a class=\"wp-block-button__link has-white-color has-black-background-color has-text-color has-background\" href=\"https:\/\/www.ilry.fi\/koulutus-ja-kehittyminen\/koulutukset\/tapahtumat-ja-koulutukset\/#\/?{%22filters%22:{%22search%22:%22%22,%22eventTypes%22:[{%22value%22:%22tapahtuma%22,%22label%22:%22Tapahtuma%22}],%22eventCategories%22:[],%22eventCities%22:[],%22eventRegions%22:[],%22eventKeywords%22:[],%22eventStartDate%22:%22%22},%22currentPage%22:0,%22offset%22:0,%22pageCount%22:1}\" target=\"_blank\" rel=\"noreferrer noopener\">Tapahtumakalenteri<\/a><\/div>\n<\/div>\n\n\n\n<p><\/p>\n<\/div>\n\n\n\n<div class=\"wp-block-column\">\n<h2 class=\"has-text-align-center has-pale-pink-background-color has-background has-medium-font-size\" style=\"text-transform:uppercase\">Ty\u00f6- ja harjoittelupaikat<\/h2>\n\n\n\n<p class=\"has-text-align-center\">Insin\u00f6\u00f6riopiskelijaliiton sek\u00e4 PIO ry:n j\u00e4senen\u00e4 saat k\u00e4ytett\u00e4v\u00e4ksesi etuja, jotka tukevat ty\u00f6llistymist\u00e4 opiskelun aikana sek\u00e4 valmistumisen j\u00e4lkeen.  <\/p>\n\n\n\n<div class=\"wp-container-2 wp-block-buttons\">\n<div class=\"wp-block-button is-style-outline\"><a class=\"wp-block-button__link has-white-color has-black-background-color has-text-color has-background\" href=\"https:\/\/www.ilry.fi\/koulutus-ja-kehittyminen\/tyonhaku\/\" target=\"_blank\" rel=\"noreferrer noopener\">Tutustu t\u00e4st\u00e4<\/a><\/div>\n<\/div>\n<\/div>\n<\/div>\n<\/div>\n<\/div>\n\n\n\n<div class=\"wp-block-columns\">\n<div class=\"wp-block-column\">\n<h2 class=\"has-text-align-center has-pale-pink-background-color has-background has-medium-font-size\" style=\"text-transform:uppercase\">YH &#8211; Koulutukset<\/h2>\n\n\n\n<p class=\"has-text-align-center\">Insin\u00f6\u00f6riliitto tarjoaa j\u00e4senilleen kattavan valikoiman ammatillisia koulutuksia ja uravalmennusta. Koulutukset ovat p\u00e4\u00e4s\u00e4\u00e4nt\u00f6isesti maksuttomia.<\/p>\n\n\n\n<div class=\"wp-container-3 wp-block-buttons\">\n<div class=\"wp-block-button is-style-outline\"><a class=\"wp-block-button__link has-white-color has-black-background-color has-text-color has-background\" href=\"https:\/\/www.ilry.fi\/uran-alkutaipaleella\/opiskelijat\/koulutukset-opiskelijalle\/\" target=\"_blank\" rel=\"noreferrer noopener\">Koulutuskalenteri<\/a><\/div>\n<\/div>\n<\/div>\n<\/div>\n\n\n\n<div class=\"wp-container-4 wp-block-buttons\">\n<div class=\"wp-block-button is-style-outline\"><a class=\"wp-block-button__link\" href=\"https:\/\/www.ilry.fi\/jasenyys\/tietoa-jasenyydesta\/usein-kysytyt-kysymykset-jasenyydesta\/#ukk-opiskelijajasenyys\" target=\"_blank\" rel=\"noreferrer noopener\">Lue lis\u00e4\u00e4<\/a><\/div>\n<\/div>\n\n\n\n<hr class=\"wp-block-separator\"\/>\n\n\n\n<div class=\"wp-block-columns\">\n<div class=\"wp-block-column\">\n<h2>Liity opiskelija j\u00e4seneksi<\/h2>\n\n\n\n<p>P\u00e4\u00e4set liittym\u00e4\u00e4n Insin\u00f6\u00f6riliiton j\u00e4seneksi IOL nettisivuilla.<\/p>\n\n\n\n<div class=\"wp-container-5 wp-block-buttons\">\n<div class=\"wp-block-button is-style-fill\"><a class=\"wp-block-button__link has-pale-pink-background-color has-background\" href=\"https:\/\/www.ilry.fi\/uran-alkutaipaleella\/opiskelijat\/liityopiskelijajaseneksi\/\" target=\"_blank\" rel=\"noreferrer noopener\"><strong>Liity j\u00e4seneksi t\u00e4\u00e4lt\u00e4<\/strong><\/a><\/div>\n<\/div>\n<\/div>\n\n\n\n<div class=\"wp-block-column\">\n<h2>Valmistumisen j\u00e4lkeen<\/h2>\n\n\n\n<p>Ovatko opintosi loppusuoralla tai juuri p\u00e4\u00e4ttyneet? Jos kuulut jo Insin\u00f6\u00f6riopiskelijaliittoon, tee valmistumisilmoitus eAsioinnissa.<\/p>\n\n\n\n<div class=\"wp-container-6 wp-block-buttons\">\n<div class=\"wp-block-button is-style-fill\"><a class=\"wp-block-button__link has-pale-pink-background-color has-background\" href=\"https:\/\/www.ilry.fi\/uran-alkutaipaleella\/valmistuminen\/\" target=\"_blank\" rel=\"noreferrer noopener\">Klikkaa t\u00e4st\u00e4<\/a><\/div>\n<\/div>\n<\/div>\n<\/div>\n\n\n\n<p><\/p>\n\n\n\n<p><\/p>\n\n\n\n<p><\/p>\n\n\n\n<ul class=\"wp-container-7 wp-block-social-links is-style-logos-only\"><li class=\"wp-social-link wp-social-link-facebook wp-block-social-link\"><a href=\"https:\/\/www.facebook.com\/PIOry\/\" aria-label=\"Facebook: https:\/\/www.facebook.com\/PIOry\/\" rel=\"noopener nofollow\" target=\"_blank\" class=\"wp-block-social-link-anchor\"> <svg width=\"24\" height=\"24\" viewBox=\"0 0 24 24\" version=\"1.1\" xmlns=\"http:\/\/www.w3.org\/2000\/svg\" role=\"img\" aria-hidden=\"true\" focusable=\"false\"><path d=\"M12 2C6.5 2 2 6.5 2 12c0 5 3.7 9.1 8.4 9.9v-7H7.9V12h2.5V9.8c0-2.5 1.5-3.9 3.8-3.9 1.1 0 2.2.2 2.2.2v2.5h-1.3c-1.2 0-1.6.8-1.6 1.6V12h2.8l-.4 2.9h-2.3v7C18.3 21.1 22 17 22 12c0-5.5-4.5-10-10-10z\"><\/path><\/svg><\/a><\/li>\n\n<li class=\"wp-social-link wp-social-link-instagram wp-block-social-link\"><a href=\"https:\/\/www.instagram.com\/pio_ry\/?hl=fi\" aria-label=\"Instagram: https:\/\/www.instagram.com\/pio_ry\/?hl=fi\" rel=\"noopener nofollow\" target=\"_blank\" class=\"wp-block-social-link-anchor\"> <svg width=\"24\" height=\"24\" viewBox=\"0 0 24 24\" version=\"1.1\" xmlns=\"http:\/\/www.w3.org\/2000\/svg\" role=\"img\" aria-hidden=\"true\" focusable=\"false\"><path d=\"M12,4.622c2.403,0,2.688,0.009,3.637,0.052c0.877,0.04,1.354,0.187,1.671,0.31c0.42,0.163,0.72,0.358,1.035,0.673 c0.315,0.315,0.51,0.615,0.673,1.035c0.123,0.317,0.27,0.794,0.31,1.671c0.043,0.949,0.052,1.234,0.052,3.637 s-0.009,2.688-0.052,3.637c-0.04,0.877-0.187,1.354-0.31,1.671c-0.163,0.42-0.358,0.72-0.673,1.035 c-0.315,0.315-0.615,0.51-1.035,0.673c-0.317,0.123-0.794,0.27-1.671,0.31c-0.949,0.043-1.233,0.052-3.637,0.052 s-2.688-0.009-3.637-0.052c-0.877-0.04-1.354-0.187-1.671-0.31c-0.42-0.163-0.72-0.358-1.035-0.673 c-0.315-0.315-0.51-0.615-0.673-1.035c-0.123-0.317-0.27-0.794-0.31-1.671C4.631,14.688,4.622,14.403,4.622,12 s0.009-2.688,0.052-3.637c0.04-0.877,0.187-1.354,0.31-1.671c0.163-0.42,0.358-0.72,0.673-1.035 c0.315-0.315,0.615-0.51,1.035-0.673c0.317-0.123,0.794-0.27,1.671-0.31C9.312,4.631,9.597,4.622,12,4.622 M12,3 C9.556,3,9.249,3.01,8.289,3.054C7.331,3.098,6.677,3.25,6.105,3.472C5.513,3.702,5.011,4.01,4.511,4.511 c-0.5,0.5-0.808,1.002-1.038,1.594C3.25,6.677,3.098,7.331,3.054,8.289C3.01,9.249,3,9.556,3,12c0,2.444,0.01,2.751,0.054,3.711 c0.044,0.958,0.196,1.612,0.418,2.185c0.23,0.592,0.538,1.094,1.038,1.594c0.5,0.5,1.002,0.808,1.594,1.038 c0.572,0.222,1.227,0.375,2.185,0.418C9.249,20.99,9.556,21,12,21s2.751-0.01,3.711-0.054c0.958-0.044,1.612-0.196,2.185-0.418 c0.592-0.23,1.094-0.538,1.594-1.038c0.5-0.5,0.808-1.002,1.038-1.594c0.222-0.572,0.375-1.227,0.418-2.185 C20.99,14.751,21,14.444,21,12s-0.01-2.751-0.054-3.711c-0.044-0.958-0.196-1.612-0.418-2.185c-0.23-0.592-0.538-1.094-1.038-1.594 c-0.5-0.5-1.002-0.808-1.594-1.038c-0.572-0.222-1.227-0.375-2.185-0.418C14.751,3.01,14.444,3,12,3L12,3z M12,7.378 c-2.552,0-4.622,2.069-4.622,4.622S9.448,16.622,12,16.622s4.622-2.069,4.622-4.622S14.552,7.378,12,7.378z M12,15 c-1.657,0-3-1.343-3-3s1.343-3,3-3s3,1.343,3,3S13.657,15,12,15z M16.804,6.116c-0.596,0-1.08,0.484-1.08,1.08 s0.484,1.08,1.08,1.08c0.596,0,1.08-0.484,1.08-1.08S17.401,6.116,16.804,6.116z\"><\/path><\/svg><\/a><\/li><\/ul>\n\n\n\n<p><\/p>\n","protected":false},"excerpt":{"rendered":"<p>J\u00e4senedut Insin\u00f6\u00f6riksi opiskelevana saat liitty\u00e4 Insin\u00f6\u00f6riliiton opiskelijaj\u00e4seneksi 18 000 muun insin\u00f6\u00f6riopiskelijan joukkoon. J\u00e4senen\u00e4 sinua odottaa monia etuja ja p\u00e4\u00e4set osaksi suurta ammattij\u00e4rjest\u00f6\u00e4, joka kokoaa yhteen kaikki tekniikan opiskelijat, ty\u00f6el\u00e4m\u00e4ss\u00e4 olevat insin\u00f6\u00f6rit sek\u00e4 muut tekniikan alan asiantuntijat ! Insin\u00f6\u00f6riopiskelijaliiton kautta liityt samalla oman paikallisyhdistyksesi Porin Insin\u00f6\u00f6riopiskelijat ry:n j\u00e4seneksi. Opiskelijaj\u00e4senen j\u00e4senmaksu on 30 euroa, joka kattaa opiskelijaj\u00e4senyyden &hellip; <\/p>\n","protected":false},"author":1,"featured_media":0,"parent":0,"menu_order":0,"comment_status":"closed","ping_status":"closed","template":"","meta":[],"_links":{"self":[{"href":"https:\/\/www.piory.fi\/index.php\/wp-json\/wp\/v2\/pages\/19"}],"collection":[{"href":"https:\/\/www.piory.fi\/index.php\/wp-json\/wp\/v2\/pages"}],"about":[{"href":"https:\/\/www.piory.fi\/index.php\/wp-json\/wp\/v2\/types\/page"}],"author":[{"embeddable":true,"href":"https:\/\/www.piory.fi\/index.php\/wp-json\/wp\/v2\/users\/1"}],"replies":[{"embeddable":true,"href":"https:\/\/www.piory.fi\/index.php\/wp-json\/wp\/v2\/comments?post=19"}],"version-history":[{"count":24,"href":"https:\/\/www.piory.fi\/index.php\/wp-json\/wp\/v2\/pages\/19\/revisions"}],"predecessor-version":[{"id":347,"href":"https:\/\/www.piory.fi\/index.php\/wp-json\/wp\/v2\/pages\/19\/revisions\/347"}],"wp:attachment":[{"href":"https:\/\/www.piory.fi\/index.php\/wp-json\/wp\/v2\/media?parent=19"}],"curies":[{"name":"wp","href":"https:\/\/api.w.org\/{rel}","templated":true}]}}